mmon divisor of 52 and 382421?
13
What is the highest common factor of 20110 and 790?
10
Calculate the highest common factor of 15580 and 1900.
380
What is the highest common factor of 1024 and 13504?
64
What is the highest common factor of 9244 and 52?
4
What is the highest common divisor of 189 and 10521?
63
Calculate the highest common factor of 6879860 and 130.
130
What is the greatest common factor of 3629 and 133?
19
What is the highest common divisor of 21602 and 13118?
14
What is the greatest common divisor of 1159920 and 48?
48
What is the highest common divisor of 150 and 18474?
6
What is the greatest common divisor of 29807 and 434746?
727
What is the highest common divisor of 2 and 1108?
2
What is the greatest common factor of 26538 and 270?
6
What is the highest common factor of 790999 and 11?
11
Calculate the greatest common factor of 34 and 70652.
34
Calculate the highest common divisor of 854 and 16257598.
854
Calculate the highest common factor of 17205 and 651.
93
Calculate the greatest common divisor of 29 and 667087.
29
What is the greatest common factor of 1279 and 2?
1
What is the highest common divisor of 2915 and 59785?
55
What is the highest common factor of 289 and 2669?
17
What is the greatest common factor of 633764 and 47120?
2356
What is the greatest common divisor of 1292 and 774877?
323
Calculate the highest common divisor of 1161 and 864.
27
Calculate the greatest common divisor of 1385727 and 552.
69
What is the greatest common divisor of 7729 and 131?
131
What is the greatest common factor of 48773 and 255?
17
What is the highest common factor of 364 and 27027?
91
Calculate the greatest common factor of 5104 and 41536.
176
What is the greatest common divisor of 6724131 and 933?
933
What is the greatest common factor of 68 and 191692?
68
Calculate the greatest common factor of 2224414 and 164.
82
What is the highest common divisor of 13294 and 400384?
782
Calculate the highest common factor of 666 and 6354.
18
What is the highest common divisor of 48 and 848?
16
Calculate the greatest common factor of 24 and 87744.
24
What is the greatest common divisor of 6408176 and 2272?
1136
Calculate the greatest common divisor of 2035 and 3190.
55
Calculate the greatest common divisor of 311 and 3867.
1
What is the greatest common divisor of 9944 and 4356?
44
Calculate the highest common factor of 234 and 495573.
39
Calculate the highest common factor of 50337 and 612.
153
Calculate the highest common factor of 395 and 879349.
79
Calculate the highest common divisor of 169 and 39429.
13
Calculate the greatest common divisor of 42180 and 285.
285
What is the greatest common divisor of 570 and 52554?
114
Calculate the highest common factor of 693004 and 52.
52
What is the greatest common factor of 930581 and 406?
29
Calculate the greatest common divisor of 1209 and 744.
93
What is the highest common factor of 165764 and 203?
29
Calculate the greatest common factor of 165 and 14505.
15
What is the greatest common factor of 36 and 3682?
2
What is the greatest common factor of 2660 and 2580?
20
What is the highest common factor of 231238 and 5810?
1162
What is the greatest common divisor of 563196 and 48?
12
Calculate the highest common divisor of 4040 and 20806.
202
Calculate the greatest common factor of 69312 and 2376.
24
Calculate the highest common divisor of 41 and 237431.
41
What is the highest common divisor of 1136 and 97412?
284
Calculate the greatest common divisor of 186905 and 580.
145
Calculate the highest common factor of 141 and 63544.
47
Calculate the greatest common factor of 39 and 1092039.
39
What is the highest common factor of 18275 and 8500?
425
What is the highest common factor of 860 and 125044?
172
Calculate the highest common divisor of 14632 and 558.
62
What is the highest common divisor of 1960533 and 279?
279
Calculate the greatest common divisor of 58296 and 7896.
168
What is the greatest common factor of 2 and 3682488?
2
What is the highest common divisor of 896 and 4088?
56
What is the highest common divisor of 621 and 2178882?
207
Calculate the highest common factor of 135 and 35208.
27
What is the highest common divisor of 897 and 316043?
299
What is the highest common factor of 267744 and 96?
96
Calculate the highest common factor of 710 and 211580.
710
What is the greatest common factor of 122802 and 1746?
582
What is the greatest common factor of 4160 and 9555?
65
What is the greatest common divisor of 7841128 and 1208?
1208
What is the greatest common factor of 113 and 4261?
1
What is the greatest common divisor of 142 and 8165?
71
What is the greatest common divisor of 281 and 2592787?
281
What is the highest common divisor of 408 and 5001?
3
Calculate the greatest common divisor of 11459790 and 30.
30
Calculate the greatest common factor of 39571 and 56.
7
What is the greatest common divisor of 3022796 and 6065?
1213
What is the highest common divisor of 200 and 856?
8
What is the highest common divisor of 98 and 18354?
14
What is the highest common divisor of 252 and 39753?
63
What is the greatest common divisor of 11814 and 363?
33
Calculate the highest common divisor of 8616 and 240.
24
What is the highest common factor of 5104666 and 1909?
1909
What is the highest common factor of 1071 and 5103?
63
Calculate the greatest common divisor of 7948890 and 90.
90
Calculate the greatest common divisor of 7828 and 4.
4
What is the greatest common factor of 2432 and 2850?
38
What is the greatest common factor of 119636 and 132?
44
What is the greatest common divisor of 836851 and 41?
41
Calculate the highest common divisor of 102 and 13022.
34
Calculate the highest common factor of 17304 and 7368.
24
What is the greatest common divisor of 1763 and 82?
41
Calculate the greatest common divisor of 1975239 and 98.
49
What is the highest common factor of 3600 and 4368?
48
Calculate the highest common divisor of 3991 and 33463.
307
What is the highest common divisor of 72304 and 80?
16
Calculate the highest common factor of 28 and 289324.
28
What is the highest common factor of 631818 and 90?
18
Calculate the highest common divisor of 1347 and 80371.
449
Calculate the greatest common factor of 29149 and 721.
103
What is the highest common divisor of 9144 and 2022348?
1524
Calculate the greatest common factor of 36503 and 844.
211
What is the highest common factor of 521638 and 52?
26
What is the highest common divisor of 238745 and 195?
65
Calculate the greatest common divisor of 1824 and 5792.
32
Calculate the highest common factor of 2346 and 2176.
34
Calculate the greatest common factor of 4 and 83192.
4
Calculate the highest common factor of 145 and 1494486.
29
Calculate the greatest common factor of 1810242 and 216.
54
Calculate the greatest common divisor of 63 and 325479.
21
Calculate the highest common divisor of 12 and 708.
12
What is the highest common factor of 32 and 193364?
4
Calculate the greatest common divisor of 31902 and 1794.
78
Calculate the greatest common divisor of 84496 and 576.
16
What is the highest common factor of 1404 and 1700946?
702
Calculate the highest common factor of 13 and 196664.
13
What is the highest common factor of 504 and 4248?
72
Calculate the highest common divisor of 648 and 13716.
108
Calculate the highest common factor of 4145 and 330.
5
Calculate the greatest common divisor of 9918 and 928.
58
What is the highest common divisor of 18067 and 1015?
203
Calculate the highest common divisor of 38 and 539467.
19
Calculate the highest common factor of 158 and 7279297.
79
What is the greatest common factor of 9888 and 192?
96
What is the greatest common factor of 680725 and 746?
373
What is the greatest common factor of 11328 and 12864?
192
Calculate the greatest common divisor of 3029377 and 1171.
1171
Calculate the highest common factor of 18 and 11793.
3
What is the greatest common divisor of 375843 and 759?
69
Calculate the highest common factor of 46931 and 2627.
71
What is the greatest common divisor of 1474 and 99?
11
Calculate the highest common divisor of 1040462 and 58.
58
What is the highest common divisor of 2029 and 547?
1
What is the highest common divisor of 72752 and 112?
16
Calculate the highest common factor of 55 and 23232.
11
What 